ommon divisor of 684 and v?
76
Let r = 19 + -7. Let t = -1 + 1. Let x(w) = -w**2 + 4*w + 8. Let l be x(t). Calculate the highest common factor of l and r.
4
Let v(y) = -y**3 + 7*y**2 - 5*y. Let w be v(5). Let o = 2457 - 2282. What is the greatest common factor of o and w?
25
Let b = -19 + 34. Let n(i) = -5*i + 5. Let g be n(-14). Suppose -p + 5*o = -30, 2*p - 5*o = -2*p + g. Calculate the highest common divisor of b and p.
15
Suppose 2 = 2*j - 2. Suppose j*o = 3*o - 2. Let r be 20 + (o - -1) - -1. Calculate the highest common divisor of r and 8.
8
Suppose x + 368 = 10*d - 6*d, -5*d + 445 = -5*x. Let n = d + -72. Suppose y - 47 = -y - p, -2*y = 5*p - 67. Calculate the greatest common factor of y and n.
21
Let n = -10 - -16. Suppose -2*r + n = -0*r. Suppose -i - 199 = -5*i - r*h, -2*i + 117 = 5*h. Calculate the greatest common factor of 23 and i.
23
Suppose 5*m - 5*j + 925 = -260, -2*m = -5*j + 489. Let a = 65 - m. Calculate the highest common factor of a and 27.
27
Let k be -1*3 + 0 + 3. Let j = -2 - k. Let r be 80/(-5)*j*1. What is the greatest common factor of r and 4?
4
Let z = -8 + 8. Suppose -6 = -o - 3*l + 7*l, -5*o + 5*l = -30. Suppose z = -n + 5 + o. Calculate the highest common factor of 88 and n.
11
Let j be (-6)/9 + (-431)/(-3). Let x be 8/(12/3) - 14. Let h = x - -25. Calculate the highest common divisor of j and h.
13
Let v = -16 - -4. Let a be (v/(-8))/3*30. Suppose -a = n - 45. Calculate the greatest common divisor of 10 and n.
10
Suppose -6*j + 40 = -206. Let s = -30 + j. Let u(i) = -14*i + 2. Let k be u(-3). What is the highest common divisor of s and k?
11
Let a(v) = v + 29. Let p be a(-6). Calculate the greatest common divisor of 23 and p.
23
Let o be 5390/343 + (-2)/(-7). Calculate the greatest common divisor of o and 1000.
8
Let p = 445 - 370. What is the highest common divisor of p and 6?
3
Let k(x) = x. Let y be k(10). Let g = -22 - -55. Suppose g = 5*t - 5*l + l, -t + 4*l + 13 = 0. What is the highest common factor of t and y?
5
Let a(p) = -4*p + 31. Let o be a(7). Suppose -o*h - 3*i = -54, -6 = 4*i + 6. Calculate the highest common divisor of h and 14.
7
Let v(l) = 2*l**2 + l - 6. Let g be v(2). What is the highest common divisor of g and 13?
1
Let f = -26 - -17. Let m be 3/f - (-64)/3. Let z = m + -7. Calculate the highest common divisor of z and 98.
14
Let k(v) = 2*v - 17. Let l be k(13). Let t be (1 + l)*(6 + -2). Calculate the greatest common factor of 16 and t.
8
Let k(h) = -4*h**2 - 92*h + 5. Let n be k(-23). What is the greatest common factor of 2 and n?
1
Let f be 2/9 - (-76)/(-18). Let l = 0 - f. Let u(m) = -m**3 + 3*m**2 + 6*m - 2. Let a be u(l). Calculate the greatest common factor of a and 4.
2
Let q = 10 + -7. Suppose q*s + 2*s = 0. Suppose -2*n = -s - 4. What is the highest common factor of n and 3?
1
Let t be (-6309)/(-45) - (10/25)/2. What is the greatest common divisor of 40 and t?
20
Let w = -70 - -110. Let y = 6990 + -3934. Let b be 3/5 + y/w. Calculate the greatest common divisor of b and 11.
11
Suppose 6 = -3*w + 3*o, -4*o = 5*w - w - 32. Suppose 0 = w*y - 21 - 138. Let v = y + -33. Calculate the highest common factor of 4 and v.
4
Suppose -4*j + 191 = -b - 19, 2 = -b. Suppose 3*x = -o + 40, -6*x + 3*x + j = -5*o. Let m = 156 + -58. Calculate the highest common divisor of m and x.
14
Let i = 685 + -667. Calculate the greatest common factor of 81 and i.
9
Suppose 24 = 4*d - 16. Suppose d = 2*n - n. What is the highest common factor of n and 130?
10
Let b(z) = -2*z**2 - 9*z - 16. Let s be b(-3). Let d be ((-15)/(-2 - s))/((-1)/11). Suppose -4*w = -4 - 8. Calculate the highest common divisor of d and w.
3
Let c = -1416 + 1477. What is the highest common factor of c and 976?
61
Let m(o) be the first derivative of 2*o**3/3 - 2*o**2 + 4. Let u be m(5). Let w = 162 - 72. What is the highest common factor of u and w?
30
Suppose 3*r + 328 + 1598 = 4*y, 4 = 2*r. What is the highest common factor of 42 and y?
21
Suppose 1 - 253 = -7*i. Calculate the greatest common divisor of i and 1350.
18
Suppose 0 = 3*h - 8*h - 5*w + 450, 4*h - 5*w - 360 = 0. Suppose -3*i - y - 2 = -30, 2*y = -4. What is the highest common factor of h and i?
10
Let t = 3 - 0. Let f be 9/(1/2*t). Suppose 180 = 31*g - 21*g. Calculate the highest common divisor of g and f.
6
Suppose 4*w + 568 = 3*d, 0*w + w = 4*d - 766. Suppose -2*i - 2*j + 52 = 0, 5*i - j - 55 = 63. What is the greatest common divisor of d and i?
24
Let q = -239 - -265. Let k = -16 + 23. Suppose 19 + k = 2*w. What is the highest common factor of q and w?
13
Let w be 5*(117/45 - 0). Suppose -5*q + 417 = -38. Calculate the greatest common factor of q and w.
13
Let r be -2*(-11004)/32 + (-2)/(-8). Calculate the highest common divisor of 43 and r.
43
Let m(h) = h**3 + 3*h - 10. Let j be m(-5). Let g be (2 + 0)*j/(-12). Calculate the highest common divisor of 175 and g.
25
Let x = 20 - 2. Suppose -3*z + 24 = 3*p, 3*z = -4*p - 2 + 25. What is the highest common factor of x and z?
9
Let m be (-2)/(2 - -5*(-33)/81). Let t = 65 - m. Calculate the highest common divisor of 33 and t.
11
Suppose -6*u - 11 = -5*u - 4*y, 0 = -u - 3*y - 25. Let b = u - -20. What is the greatest common factor of 7 and b?
1
Let f(a) = 19*a + 593. Let t be f(-30). What is the greatest common divisor of 3 and t?
1
Let u be 6/(3/(-2) - 0). Let n(f) = -3*f - 23. Let r be n(-10). Let v be 1*r + 5 + u. Calculate the greatest common divisor of 72 and v.
8
Let o = 271 + -124. Calculate the greatest common divisor of o and 42.
21
Let f(x) = x**2 - 3*x + 8. Let t be f(5). Let a be (1*-2)/(-11 + 10). Suppose 0 = a*w - 4*w + 6. What is the greatest common divisor of t and w?
3
Suppose 4*j = -4*j + 296. Calculate the highest common factor of j and 111.
37
Let s = 585 + -442. Calculate the highest common factor of s and 26.
13
Let m be (60/(-25))/((-22)/1045). What is the greatest common divisor of 152 and m?
38
Suppose 3*n = 3 + 9. Suppose -3*a = 2*l - 2, 3*l = 4*a + 5*l - 6. What is the greatest common factor of n and a?
4
Let p be (-3)/(-15)*8*3100/62. What is the highest common factor of p and 384?
16
Suppose -r - x = 2*x - 29, x - 4 = 0. Suppose -335 = -5*n + 5*s, 3*s = -2 + r. What is the greatest common divisor of n and 9?
9
Let c be (-2 + (-48)/(-15))*10. Suppose 6 = 3*g - 0*g. Let u = 8 - g. Calculate the greatest common factor of u and c.
6
Let r(b) = 3*b + 3. Let q be r(0). Suppose -4*c + 4*a = -44, -c - a + 10 + q = 0. Calculate the highest common factor of 60 and c.
12
Let v = 654 - 394. Calculate the highest common divisor of 20 and v.
20
Let m be 11*212*(-10)/(-220). What is the greatest common divisor of 159 and m?
53
Let b = 279 + -140. Let g = b - 85. Let t = -14 - -32. Calculate the greatest common divisor of t and g.
18
Let s(p) = -p - 2. Let g be s(0). Let a(h) = 11*h**2 + 5*h + 6. Let q be a(g). Calculate the greatest common factor of 8 and q.
8
Suppose 0 = -4*n + o + 743, -8*n + 556 = -5*n - o. What is the highest common factor of n and 44?
11
Suppose -4 = 3*x + 2. Let r be (-1)/(x/22 + 0). Let d(g) = g**3 + 9*g**2 - 4*g - 5. Let a be d(-7). Calculate the highest common factor of r and a.
11
Let q(i) = 4*i - 8. Let l be q(3). Suppose 3*f = 4*h - 181, 2*h - 66 = f - 3. Let m = -23 - f. What is the greatest common factor of m and l?
4
Let f(z) = -3*z**2 + 0*z**3 - z**3 - 5 + 5*z + 14. Let o be f(-4). Calculate the greatest common factor of o and 1.
1
Let v(a) = -a**2 - 8*a - 29. Let u be v(-10). Let i = u - -166. Calculate the highest common divisor of i and 9.
9
Let f be 2 + 0 + 21/7. Suppose 3*h - 11 = b, -3 = f*h + 4*b - 27. What is the greatest common divisor of h and 1?
1
Suppose 121 + 11 = 3*i. Calculate the greatest common factor of i and 2.
2
Suppose 0 = j - 32 - 65. Let g = 101 - j. What is the highest common factor of 14 and g?
2
Let d be (3/(-4))/((-2)/192). Calculate the greatest common divisor of 9 and d.
9
Let v(w) = 8*w**3 + 6*w**2 - 3*w - 2. Let q be v(2). What is the greatest common factor of 10 and q?
10
Let i(t) = 2*t**3 - 3*t**2 - t + 2. Let f be i(-3). Let s be f/(-18) - (-4)/(-18). Let m be 6 + -4 + 168/4. What is the greatest common factor of s and m?
4
Suppose 0 = 4*k - j - 15, 62*k - 58*k + 2*j - 18 = 0. Let x(m) = -m**3 + 4*m**2 + 6*m + 7. Let z be x(5). What is the great